ase 9, what is -4 + 20?
15
In base 4, what is -31 - -10?
-21
In base 11, what is -1059 - -5?
-1054
In base 15, what is -4c + 3?
-49
In base 13, what is -6 + 529?
523
In base 9, what is 463 - 5?
457
In base 11, what is -421 + -2?
-423
In base 12, what is -1944 - 1?
-1945
In base 8, what is 73232 + 4?
73236
In base 15, what is -5 + -c9?
-ce
In base 3, what is 12 - -20210?
20222
In base 11, what is -1893 - 0?
-1893
In base 2, what is 10001 + 10001?
100010
In base 8, what is 7 - -152?
161
In base 7, what is 5 + -206?
-201
In base 16, what is 2d9 - -2?
2db
In base 3, what is 2120 + 10111?
20001
In base 3, what is -2 - 12112?
-12121
In base 9, what is 3 - -45?
48
In base 14, what is 2 - 330?
-32c
In base 10, what is 114 + -8?
106
In base 10, what is -318 + 16?
-302
In base 13, what is 117 + 8?
122
In base 7, what is 1446 + 14?
1463
In base 8, what is 5 - -23?
30
In base 15, what is -a - 17?
-22
In base 6, what is -3 - -23?
20
In base 13, what is 0 - 1a?
-1a
In base 4, what is -21 + 3202?
3121
In base 2, what is 101100111 + -101?
101100010
In base 7, what is -45 + -1106?
-1154
In base 5, what is -1 - -304?
303
In base 4, what is 32113 - 3?
32110
In base 15, what is 0 + -1cd?
-1cd
In base 6, what is -215 + 31?
-144
In base 12, what is 23 + 6?
29
In base 3, what is -12201 + 10?
-12121
In base 6, what is 554 + 2?
1000
In base 3, what is -1022111100 - -2?
-1022111021
In base 16, what is 14 + -14d?
-139
In base 14, what is 13 - 2a?
-17
In base 2, what is 111011 + -10111?
100100
In base 11, what is -5a9 - 5?
-603
In base 5, what is 4 - 23?
-14
In base 15, what is 95 - -37?
cc
In base 12, what is -25 + -53?
-78
In base 16, what is -22 + -2?
-24
In base 16, what is -5 - -26c?
267
In base 11, what is 2 - -3?
5
In base 2, what is 101 - -1100?
10001
In base 3, what is 1101 + -11?
1020
In base 8, what is 2 + -23?
-21
In base 10, what is 26 + -77?
-51
In base 16, what is 1 + -28?
-27
In base 14, what is 2501 + 3?
2504
In base 7, what is 2054 + -3?
2051
In base 7, what is 5 - -153?
161
In base 12, what is -250 - 1?
-251
In base 3, what is 10 - 1000011?
-1000001
In base 6, what is 3 - -11503?
11510
In base 3, what is 21 + -2011122?
-2011101
In base 2, what is -11010 + 10000?
-1010
In base 5, what is 2214 - -2?
2221
In base 10, what is -11 - -250?
239
In base 6, what is -334224 - 5?
-334233
In base 7, what is 22 + 1523?
1545
In base 15, what is -8c1 - -5?
-8bb
In base 14, what is 0 - -d4?
d4
In base 4, what is -23203 + 2?
-23201
In base 2, what is -1001010100 - -1000?
-1001001100
In base 13, what is -1a9 + 4?
-1a5
In base 14, what is 6 - -27a?
282
In base 3, what is -2 + 101021?
101012
In base 2, what is -100000101111 + 10110?
-100000011001
In base 16, what is -4 - -2?
-2
In base 6, what is -13 - 0?
-13
In base 12, what is 377 + 5?
380
In base 8, what is -104 + 214?
110
In base 3, what is -2 - 100020?
-100022
In base 11, what is 9 - -22?
30
In base 3, what is -20011220 - 10?
-20012000
In base 2, what is 10101101 + -100?
10101001
In base 3, what is -2 - -22010?
22001
In base 15, what is -8d - 8a?
-128
In base 14, what is -1 + -264?
-265
In base 8, what is -12 - -31?
17
In base 8, what is 534 - 17?
515
In base 16, what is -3c - 1?
-3d
In base 14, what is -8 - ab?
-b5
In base 6, what is 2 - -134?
140
In base 11, what is 14 + 16?
2a
In base 2, what is -11000000 + 101?
-10111011
In base 9, what is 4 - 2447?
-2443
In base 8, what is -176 + 0?
-176
In base 16, what is d6 - -4?
da
In base 9, what is 0 + 12?
12
In base 9, what is -5 - -46?
41
In base 10, what is -8 + -164?
-172
In base 12, what is -475 - 3?
-478
In base 6, what is 14 + -20?
-2
In base 12, what is 5b2 + 19?
60b
In base 14, what is 1a + 84?
a0
In base 4, what is 211 - 10?
201
In base 8, what is 37 + -143?
-104
In base 14, what is -3a7 + 4?
-3a3
In base 14, what is -20 + -11d?
-13d
In base 7, what is 1 - 4031?
-4030
In base 8, what is -10 - -51?
41
In base 5, what is 1 + -4324?
-4323
In base 8, what is 3 + -135?
-132
In base 15, what is -b - 1c?
-28
In base 16, what is -2cf - 2?
-2d1
In base 2, what is 1 - 100101101?
-100101100
In base 15, what is -11 - 54?
-65
In base 3, what is -1112 - 1?
-1120
In base 12, what is 150 + b?
15b
In base 9, what is -2 - -3150?
3147
In base 16, what is -d - -1ae?
1a1
In base 5, what is -32 + -13?
-100
In base 11, what is 7 + 3?
a
In base 11, what is 616 - -3?
619
In base 16, what is 56 + -1?
55
In base 16, what is -6 + a2?
9c
In base 2, what is 1100100010111 - -1?
1100100011000
In base 16, what is -47 - -b?
-3c
In base 4, what is -11 + 2001?
1330
In base 8, what is 3 + -275?
-272
In base 16, what is -5 + -e62?
-e67
In base 11, what is -2a9 - 4?
-302
In base 15, what is 16 - -13?
29
In base 9, what is -6 + -41?
-47
In base 8, what is -46 - -11?
-35
In base 14, what is 4 + 25?
29
In base 7, what is 4 + 1243?
1250
In base 3, what is -1111021100 - 11?
-1111021111
In base 2, what is -1 - -110010111?
110010110
In base 15, what is d0 + -c?
c3
In base 16, what is -14e - 4?
-152
In base 15, what is -4 - -40?
3b
In base 5, what is 3301 + -2?
3244
In base 12, what is 78b6 - 2?
78b4
In base 6, what is 1124 + -21?
1103
In base 3, what is -21 - -22002?
21211
In base 8, what is -1 - -130?
127
In base 12, what is 43 + b1?
134
In base 11, what is -20 + 85?
65
In base 14, what is 1a4d - 2?
1a4b
In base 6, what is 0 - 3044?
-3044
In base 12, what is -21 + -39?
-5a
In base 8, what is 50 + -1?
47
In base 10, what is -34 - 7?
-41
In base 10, what is -1 - 2357?
-2358
In base 15, what is -1c + -32?
-4e
In base 4, what is -23103020 - 0?
-23103020
In base 14, what is -114 - 4?
-118
In base 2, what is -1101110110100101 + -1?
-1101110110100110
In base 16, what is 3 + 132a?
132d
In base 14, what is 1 - -60?
61
In base 14, what is 76 - 9?
6b
In base 8, what is -1 + -140?
-141
In base 15, what is 0 - -89?
89
In base 8, what is -16 + -2?
-20
In base 2, what is -110011001110000 - -101?
-110011001101011
In base 6, what is -4135 + -4?
-4143
In base 4, what is 32330 - 10?
32320
In base 16, what is 42 + -6?
3c
In base 9, what is 1 + 22?
23
In base 3, what is 2022 - 22?
2000
In base 16, what is 1 + -a?
-9
In base 12, what is 2b - -41?
70
In base 8, what is 5 - 645?
-640
In base 12, what is 2 + 27?
29
In base 2, what is 101 + -1111?
-1010
In base 13, what is -1982 + 4?
-197b
In base 4, what is 0 + 1031?
1031
In base 5, what is 2 - -213?
220
In base 5, what is 3 + 23112?
23120
In base 12, what is -18 - -25?
9
In base 15, what is 471 + 0?
471
In base 2, what is -1001110 + -1?
-1001111
In base 14, what is 2 - -7aa?
7ac
In base 5, what is 12 + -201?
-134
In base 14, what is -c15 + 8?
-c0b
In base 6, what is -1102 - -2?
-1100
In base 4, what is 1222 - 13?
1203
In base 4, what is 23 + 111?
200
In base 12, what is -1056 - 1?
-1057
In base 14, what is 1 - 87?
-86
In base 6, what is 32115 - -5?
32124
In base 12, what is 1a - 12?
8
In base 8, what is 20 + -447?
-427
In base 10, what is 3 - -1271?
1274
In base 9, what is 2 + -111?
-108
In base 15, what is 8a + 4e?
d9
In base 13, what is -11 + -29?
-3a
In base 14, what is -2008 - -4?
-2004
In base 5, what is -2114 - 0?
-2114
In base 4, what is 301 + -11?
230
In base 5, what is 2010 + -3?
2002
In base 7, what is 33 + 510?
543
In base 4, what is 30010 - 10?
30000
In base 4, what is -1021 + 1?
-1020
In base 10, what is -1 - -221?
220
In base 6, what is 12 + -23?
-11
In base 6, what is 43 - 11?
32
In base 8, what is 10334 - -1?
10335
In base 13, what is -238 + 2?
-236
In base 8, what is 25 - -545?
572
In base 8, what is 4 - -150?
154
In base 11, what is 37 + -4?
33
In base 4, what is -2023 + 1?
-2022
In base 9, what is -525 + -2?
-527
In base 11, what is 838 + 3?
840
In base 5, what is -32 + 234?
202
In base 2, what is -11110111000100 + 101?
-11110110111111
In base 8, what is -14 + -12?
-26
In base 12, what is -477 + -18?
-493
In base 13, what is 33 + -b7?
-84
In base 6, what is 4 - 34?
-30
In base 11, what is 5 + 22?
27
In base 4, what is -22 + -2322?
-3010
In base 4, what is 13 + -10121?
-10102
In base 11, what is -4 - -90?
87
In base 14, what is 0 - 34?
-34
In base 5, what is -14321 + -4?
-14330
In base 9, what is -8 + -236?
-245
In base 16, what is 1b5 - -2?
1b7
In base 16, what is -205 + -3?
-208
In base 12, what is -88 + -2?
-8a
In base 14, what is -36 - -2?
-34
In base 8,